 + 3*f = 9. Let m be 11 - (-3 + p - 0). Calculate the highest common divisor of m and 44.
4
Let t = -174 - -252. Suppose -5*q - 10 = -5*d, 4*q = -36 + 52. What is the highest common divisor of d and t?
6
Suppose 484*p = 453*p + 10230. What is the highest common factor of 90 and p?
30
Suppose 0 = -112*s - 24666 + 258746. Calculate the highest common divisor of 380 and s.
190
Let d be -1 + 0 + 11 + 1. Suppose 3 = -2*p + d, 18 = 2*g + 3*p. Suppose o = -g + 15. Calculate the greatest common factor of o and 4.
4
Let z = 133 + -78. Let b = z - 41. Let i = 17 - b. Calculate the greatest common divisor of i and 24.
3
Suppose 3*o - 171 = -3*q, 4*o - 5*o - 151 = -3*q. Let g = -115 + q. Let h = g + 76. What is the greatest common factor of 143 and h?
13
Suppose -6*r = 146 + 1060. Let g = r - -219. Let f be (2/(-5))/(3/(-45)). What is the highest common divisor of f and g?
6
Let c(f) = -f**3 - 19*f**2 + 50*f + 17. Let h be c(-22). Calculate the greatest common divisor of h and 656.
41
Let w = 9489 + -6177. What is the greatest common divisor of 23 and w?
23
Suppose -2*l + 227 - 31 = 0. Suppose 15*c - 1078 = 8*c. Suppose c = 8*f + 3*f. What is the highest common divisor of f and l?
14
Let n(w) = w**2 - 2. Suppose -16*u + 17 = -47. Let c be n(u). Suppose p = -55 + 209. Calculate the greatest common factor of c and p.
14
Let c be 4/(-3)*168/7 + -3. Let r = 105 - c. Calculate the greatest common factor of r and 20.
20
Suppose 36*a - 40*a - 1267 = -5*i, -2*i - 2*a = -514. Let o = i + -185. What is the highest common factor of 98 and o?
14
Suppose 176 = 4*a - 1000. Let o be 5/(1770/a + -6). What is the highest common factor of o and 70?
35
Let v be (5236/68)/((15/(-70))/(-3)). Calculate the greatest common divisor of 2058 and v.
98
Let g(n) = 11*n - 6. Let o be g(-6). Let k be 92/9 + 16/o. Let z be (k/(-6))/(3/(-126)). What is the greatest common divisor of 10 and z?
10
Let v(f) = -f - 43 - f**3 + 26 - 9 - 35 - 3*f + 12*f**2. Let s be v(11). Let w(c) = -c**2 + 208. Let l be w(0). Calculate the highest common factor of l and s.
16
Let x be 2*1*316*9/36. Suppose x = 11*f - 612. What is the highest common divisor of 14 and f?
14
Let j be (-2)/(-6)*-1 + (-878)/(-6). Suppose 63 + j = 11*q. What is the highest common factor of 323 and q?
19
Suppose 4*b - p - 2699 = -768, 2*p = 10. Calculate the highest common divisor of b and 8.
4
Let c be -1*(9/(-5) + (-3)/15). Suppose 0 = 4*j + k - 51, c = j + 2*k - 2. What is the greatest common divisor of 350 and j?
14
Let y be 10 - 56/(15 - 8). Let b = -34 - -36. What is the greatest common divisor of y and b?
2
Let r = -59 - -21. Let y = -22 - r. Suppose -y = -2*q + 74. Calculate the greatest common factor of q and 180.
45
Let i be (-2 + -3)*(-8)/10 - (-42837)/327. Let l = 737 - 512. Calculate the greatest common factor of l and i.
45
Let q(t) = -101*t - 123. Let d be q(-7). Let p = d + -261. Calculate the greatest common factor of 38 and p.
19
Suppose 0*i = -4*i + 32. Let p(b) = b**3 - 9*b**2 + 11*b + 6. Let q be p(i). Let z be 82/1 + -2 - 5. What is the highest common divisor of q and z?
15
Let u be -3 + (20/(-6))/(10/(-15)). Suppose 0 = 17*h + u*h - 57. Suppose -h*o + 16 = -3*x + 1543, 5*o = -15. What is the highest common factor of x and 46?
46
Let j(k) = k**3 - 7*k**2 + 2*k - 16. Let o be 8/(-24) + (-28)/(-3). Let c be j(o). Let t = 7 - -34. What is the highest common divisor of c and t?
41
Suppose -15*i - 32 = -3*i - 92. What is the greatest common divisor of i and 1535?
5
Let o be (6763 + (-57)/19)*1. Calculate the highest common factor of 40 and o.
40
Suppose 5*y - 6 + 79 = 2*z, 4*z - 2*y - 154 = 0. Let i = -11486 - -11681. Calculate the highest common factor of i and z.
39
Let k = 40 - -25. Let p be (2/(-6))/((-1)/(-24)). Let i(f) = f**3 + 8*f**2 + 7*f + 61. Let u be i(p). Calculate the highest common divisor of u and k.
5
Let k be (25/5 + 3 + -9)*-62. What is the highest common divisor of 20 and k?
2
Let r(p) = p**3 - 17*p**2 + 71*p - 19. Let i be r(11). What is the greatest common divisor of i and 11?
1
Let z be 4/7 - (3850/49 + 2). Let f be 10/(-3)*2112/z. What is the greatest common factor of 77 and f?
11
Suppose 264 = 11*r - 9*r. Let x = r - 42. What is the greatest common divisor of 30 and x?
30
Let n = -5945 + 6030. What is the greatest common factor of n and 3995?
85
Let b = 3137 - 3015. Calculate the highest common factor of 610 and b.
122
Suppose 41560 = 106*m - 119242. What is the highest common factor of 74 and m?
37
Let u(o) = 6*o. Let v be u(2). Let r = -8693 + 9017. Calculate the highest common divisor of v and r.
12
Suppose -20*j - 14 = -54. Suppose 0 = j*d + 9*d - 2200. Calculate the greatest common divisor of 10 and d.
10
Let z = 207 - 206. Suppose -y = -4*i - 0*i - 50, 4*i = -2*y - 44. Let v be ((-20)/6)/(8/i). Calculate the greatest common divisor of z and v.
1
Let v be 2055 + (-8 - (10 - 21)). What is the highest common divisor of v and 2?
2
Let v(t) = -308*t + 5114. Let u be v(-13). Calculate the greatest common divisor of u and 94.
94
Let w(h) = h**3 - 2*h**2 - h - 2. Let d be w(4). Suppose -130 = -8*y + 3*y. Calculate the greatest common divisor of y and d.
26
Suppose -5*g = w - 4*w + 619, 5*w + 3*g - 1043 = 0. Let a = -28 + w. Calculate the greatest common divisor of 36 and a.
36
Suppose -4*q + 596 = 4*l, 3*q - 8*l + 3*l - 471 = 0. Suppose 3*m - 33 = -n, 4*n + m - q = -m. Let r = -7 - -10. Calculate the greatest common factor of r and n.
3
Let h(r) be the second derivative of -3*r**3/2 - 60*r**2 + 334*r. Let n be h(-20). What is the greatest common divisor of n and 90?
30
Suppose -4*r + 0*r + 32 = -5*v, -4*v - 13 = r. Let i = 71503 - 71479. What is the highest common divisor of i and r?
3
Suppose 12*w + w - 2600 = 0. Let g = 5 + -3. Suppose -5*a = -a + 8, -g*l + 3*a = -56. Calculate the greatest common factor of w and l.
25
Suppose -5289 - 61 = -25*y. What is the greatest common factor of 27178 and y?
214
Let z(a) = -3*a**3 - a**2 + 3*a - 7. Let g be z(-3). Suppose 2*c - 3*c + g = 0. Let f be (-4)/(18/(-4) - -4). What is the greatest common divisor of c and f?
8
Let b(o) = o**3 + 3*o**2 - 8*o + 3. Let g = -12 + 10. Let z be (-4 - (4 - 12)) + g. Let k be b(z). What is the greatest common divisor of 14 and k?
7
Let s = -106 - -6838. What is the greatest common divisor of 594 and s?
198
Suppose -2*x + 27 = -p, 18*p - 14*p = x - 24. What is the highest common divisor of 174 and x?
6
Let r(j) = 6*j + 9. Let i be r(-4). Let l = i + 52. Suppose -4*q - 35 = -2*t + t, 0 = 3*t + 5*q - l. Calculate the highest common factor of t and 209.
19
Suppose 4*c = 5*j + 27, 2*j = 4*c - 0*j - 18. Let h = -206 - -360. Let y = 202 - h. What is the highest common factor of c and y?
3
Let z be -7 - 0 - ((-9)/(-5) + 19456/(-320)). What is the greatest common factor of z and 1742?
26
Let g(m) = 2*m**2 + 48*m + 13. Let y be g(-24). Suppose 5*b - 4*f = -502, 0*b + 478 = -5*b - 4*f. Let a = 137 + b. What is the highest common factor of a and y?
13
Let b be 27706/(-6) - 8/6. Let h be b/(-9) - (-84)/(-378). What is the highest common factor of 57 and h?
57
Suppose -382*t + 367*t - 2006 + 13346 = 0. Calculate the highest common divisor of 936 and t.
36
Let j(m) = 182*m - 1285. Let v be j(35). Calculate the greatest common factor of v and 45.
45
Suppose -4*n = -4*h + 8, 2*h - 5*n - 7 = -0*h. Suppose -2*p + 357 = -2*z + h, 5*p - 900 = 3*z. What is the greatest common factor of p and 61?
61
Let x(a) = 12*a - 68. Let h be x(9). Suppose -343 = 3*w - d, 0 = -w - 3*d - 81 - 50. Let u = -56 - w. What is the greatest common factor of u and h?
20
Let t(b) = b - 17. Let w(c) = -2*c + 18. Let j(r) = -2*t(r) - 3*w(r). Let h be j(20). Suppose -4*v + h = -0*v. Calculate the greatest common factor of 45 and v.
15
Suppose 64*u = -58604 + 482988. Calculate the highest common divisor of 19 and u.
19
Let n(m) = -26*m**3 + 22*m**2 - 57*m - 132. Let q be n(-7). What is the highest common divisor of q and 297?
33
Suppose 11*n - 7 = -18. Let t be n/(6/(-15)) + (-8)/16. Let m = 7 - -25. Calculate the highest common divisor of t and m.
2
Let u = -75 - -82. Suppose -y + u = 6. What is the greatest common divisor of y and 61?
1
Suppose -5*b - 21 = -3*n, 79*n = 89*n - b - 70. What is the highest common factor of 6769 and n?
7
Let t(p) = -4*p**3 + 352*